- 6. Let t(n) = -21*n - 130. Let f be t(k). Calculate o(f).
6
Let t(o) = 24 - 10*o + 11*o + 7 - 9. Let f be t(-37). Let k(h) = h**2 + 15*h - 2. Determine k(f).
-2
Suppose 7*t + 11 = 18*t. Let i(m) = -4 + 3 - t - 3*m. Let n(w) = -w**2 + 3*w + 7. Let g be n(5). What is i(g)?
7
Let c(v) = v + 5. Let j(w) = 19*w + 9. Let b(m) = -4*c(m) + j(m). Give b(1).
4
Let n(o) = -o**3 - 11*o**2 - 4*o - 18. Let w be -1*((-1 - 2) + -3 + -7 + 24). Calculate n(w).
26
Let y(m) be the second derivative of 22*m - 1 + m**2 + 1/4*m**4 + 4/3*m**3. Calculate y(-3).
5
Let z be (-7 - -4) + (5 - 3) + 7. Let y(m) be the second derivative of m**5/20 - m**4/3 - 7*m**3/6 - 2*m. What is y(z)?
30
Let k(r) be the first derivative of 35*r**3/3 - r - 2919. What is k(1)?
34
Let f(x) = -x. Let k(z) = 2*z + 9. Let v(m) = 3*f(m) + k(m). Suppose 12*w - 32 = 28*w - 176. What is v(w)?
0
Let d(n) = -n**3 + 20*n**2 + 46*n - 26. Let f(j) = -417*j + 2524. Let z be f(6). Determine d(z).
18
Suppose 56 = -211*m + 213*m. Let x = -28 + m. Let l(c) = c**3 - c + 13. What is l(x)?
13
Let g(d) be the second derivative of -d**6/360 + 7*d**5/40 + 41*d**4/2 + 139*d. Let o(w) be the third derivative of g(w). What is o(9)?
3
Suppose -131*s + 135*s + 5*b = -10, 0 = -4*b + 8. Let v(c) = c**3 + 4*c**2 + 4*c - 8. Give v(s).
-53
Let j = -97 + 106. Let a(r) = 1 - 425*r**3 + 424*r**3 - 11*r + j*r**2 + 3. Calculate a(7).
25
Let r(a) = -87 + 13*a - 113 - 3*a + 124. Give r(7).
-6
Let n(o) = -4*o + 3. Suppose -w = 24 - 28. Suppose -k - 5 = -2*c, -8*c + 5 = -3*k - w*c. Give n(k).
-17
Let y(h) = 41*h + 214. Let c be y(-5). Let u(m) = -7 + 8*m**3 - 3*m**3 + c*m**2 + 6*m - 6*m**3 - 15*m**2. Determine u(-6).
-43
Let i(j) = -27*j**3 - 9*j**2 - 2*j - 7. Let f(z) = -16*z**3 - 4*z**2 - z - 3. Let s(p) = -5*f(p) + 3*i(p). What is s(-7)?
1
Let y(f) = -f**3 + 9*f**2 - 8*f - 1. Let a be y(8). Suppose -4*o + 0*u + u + 122 = 0, -5*u = 4*o - 134. Let k(h) = 6*h + 31 + h**2 - o - 7*h. Determine k(a).
2
Suppose -5*b - 698 = 2*r, -b - 138 = -r + 3*r. Let j = b - -147. Let z(u) = -u**3 + 8*u**2 - 7*u + 4. Give z(j).
4
Let c(z) = 2*z + 1. Let w(k) = -13*k - 15. Let v(q) = -6*c(q) - w(q). Let i be v(0). Let j(b) = -2*b + 20. What is j(i)?
2
Let f(r) be the first derivative of 3*r**4/4 - r**3/2 + r**2 - 12*r + 114. Let i(p) be the first derivative of f(p). Give i(1).
8
Let o(b) be the second derivative of -b**5/20 + b**4/2 + b**3/6 + 7*b**2/2 + 59*b - 7. Give o(7).
-35
Suppose 0 = 22*p + 70*p + 1472. Let t(c) = -c**2 - 31*c - 246. Give t(p).
-6
Let x(q) = q**2 + 6*q - 2. Let u(z) = z**2 + 6*z - 3. Let v(b) = 5*u(b) - 6*x(b). Let t = 93 - 70. Suppose 3*c - t = 5*p + 9, p + 4*c = 12. Calculate v(p).
5
Let m(z) be the second derivative of -z**4/12 + z**2/2 + 7*z. Suppose 0 = -6*n + 13 - 49. Let u be (0 - 2)*(40/8 + n). What is m(u)?
-3
Let z be (456/19 - 25 - 10/(-2)) + 4. Let o(q) = 6*q + 1. Give o(z).
49
Suppose 1 = -4*v + 5. Let d(f) be the third derivative of 2*f**5/15 + f**3/6 + 5*f**2 + 104*f. Determine d(v).
9
Suppose 4417 = -1497*q - 4565. Let n(s) be the first derivative of s**4/4 + 2*s**3 - s**2/2 + s - 1. What is n(q)?
7
Let z(k) = -7*k**3 + 6*k**2 - 3*k + 14. Let o(t) = -3*t**3 + 3*t**2 - 2*t + 7. Let j(x) = -5*o(x) + 2*z(x). Suppose 19*l - 141 = -28*l - 0*l. Give j(l).
5
Let z(n) = 9*n**3 - 6*n**2 - 12*n - 2. Let r(q) = -10*q**3 + 7*q**2 + 14*q + 2. Let g(p) = -4*r(p) - 5*z(p). Give g(-1).
5
Let p(v) = -6*v + 204. Let r = -1965 - -1998. What is p(r)?
6
Let z(q) be the first derivative of q**3/3 - 15*q**2 - 28*q - 236. What is z(31)?
3
Suppose 0 = 7*j - 1084 - 785. Let y = -264 + j. Let m(h) = -2*h**2 - h - 2. Give m(y).
-23
Let v(w) = -w**3 + 15*w**2 + 18*w - 54. Let g(q) = -q**2 - q - 4. Let r(j) = -4*g(j) + v(j). Give r(20).
2
Let g be 3 + 1/(-2)*0. Let u(m) = -m + 10*m + 7*m**2 - 5*m - 2*m**3 - 5*m**2 + m**2. Give u(g).
-15
Let s(o) = -8*o - 17. Let b(r) = -245*r - 330. Let w(k) = -11*k - 15. Let a(q) = 2*b(q) - 45*w(q). Let c(n) = -4*a(n) - 3*s(n). Give c(8).
23
Let l(t) = -13*t - 23. Let h(u) = -15*u - 18. Let p(q) = -5*h(q) + 4*l(q). Give p(-3).
-71
Let a(w) = 12*w**2 + 138*w - 60. Let x(i) = 7*i**2 + 72*i - 29. Let j(c) = 2*a(c) - 5*x(c). What is j(-8)?
-7
Suppose 5 = -v, -p - 4*v + 417 = -140. Let x(w) = -w**2 + 4 - 1 - 568*w + p*w. Give x(7).
17
Suppose -p + 106 = 4*u - 581, -3*p = 3*u - 504. Let z = 180 - u. Let x(w) = -2*w - 4. Calculate x(z).
-18
Suppose -389*i - 287*i = 3380. Let p(v) = -4*v**2 - 13*v - 6. Give p(i).
-41
Let z = 8 - 8. Let b(r) = -r**3 - r**2 + 96*r - 3. Let y(t) = 19*t. Let x(f) = -b(f) + 5*y(f). Determine x(z).
3
Let p(b) = 4*b + 4*b**2 + b - 4 + 9. Let c be 12 - (1*-3 - 56/(-8)). Let h(q) = 11*q**2 + 15*q + 14. Let i(t) = c*p(t) - 3*h(t). Calculate i(-4).
2
Let l(n) = -n**3 - 6*n**2 + 7*n - 5. Suppose -2*g = 5*u - 131 + 576, -2*u + 620 = -3*g. Let h = -217 - g. What is l(h)?
-5
Let g(d) = -d**2 - 8*d - 11. Suppose 3*x = x + 52. Suppose 5*m + x = v + 82, -m + 2*v = -4. Let j be (3 + -5)*-2 - m. What is g(j)?
-11
Suppose -3*q = 2*c - 5*c - 48, -c + 29 = 4*q. Let d(o) = 10*o - 96. Give d(q).
-6
Let o(u) = -u**3 - 3*u**2 + 1. Suppose s = 4*s + 21. Let n(k) = -5*k - 24. Let q be n(s). Suppose -j = 3*b + q, 3*b - 5*j = 8*b + 35. Give o(b).
-3
Let o(a) = 74*a**2 - 518*a + 24. Let t be o(7). Let d(p) be the third derivative of 1/3*p**3 - 1/24*p**4 + 0 + t*p**2 + 0*p. What is d(-6)?
8
Suppose 0*h = 131*h + 59 + 858. Let n(p) = 3*p + 25. Calculate n(h).
4
Let o(x) = -3*x**2 + 10*x - 7. Let l(m) = 2*m**2 - 9*m + 5. Let r(z) = 6*l(z) + 5*o(z). Let t(i) = 16*i**2 + 20*i + 23. Let v(h) = 11*r(h) + 2*t(h). Give v(-6).
-21
Let n(z) = z**2 - 20*z - 134. Let p be 8/2*(-60)/48*-5. Give n(p).
-9
Let u(y) be the first derivative of 0*y**2 + 3*y - 124 - 1/3*y**3. Calculate u(-4).
-13
Let y(d) = 4*d + 17. Let x(j) = 2*j. Let s(b) = 6*x(b) - y(b). Let m be s(3). Let g(p) = -p + 5. What is g(m)?
-2
Suppose 8*r = 51*r + 105 + 368. Let i(y) = -7*y - 69. Give i(r).
8
Let b(u) = -u**2 + u - 12. Let w = -23 - -88. Let p = w + -65. What is b(p)?
-12
Suppose -2*d = -o + 11, d + 9 - 20 = -5*o. Let s(j) = -19*j + 24. Give s(o).
-33
Let f = -69 - -76. Let m(o) = -f*o**3 - o + 3 + 8*o**3 + 3 + 5. What is m(0)?
11
Let u = -26 + 26. Let y(c) = 0*c - 3*c + c**2 + u*c - 4 - 1. Let t(j) = j**2 - 6*j + 5. Let b be t(6). Give y(b).
5
Let o be (3/9)/((-1 + -3)/(-48)). Let v(p) = -4*p**2 + p + 11. Let y(z) = -11*z**2 + 3*z + 32. Let f(s) = 8*v(s) - 3*y(s). What is f(o)?
4
Let u(j) = -3*j - 72 + 310 - 228. Give u(1).
7
Suppose 4*x + 2*t + 40 = 0, -5*x = 6*t - 2*t + 47. Let g(d) = d**3 + 11*d**2 + 8*d - 11. What is g(x)?
-99
Suppose 15 = f + 4*f. Suppose 0 = d - 9 + 4. Let m(u) = 2*u**2 - u**f - d*u + 7 - 7*u**2 + 5*u**2 + 6*u**2. Determine m(5).
7
Let q(v) = -34*v - 55. Let n(b) = -29*b - 51. Let i(f) = -7*n(f) + 6*q(f). What is i(24)?
3
Let n be 246*5/110 + (4/11)/(-2). Let o(k) = -3*k - 18. Calculate o(n).
-51
Let n(v) = -2175 + 2178 - 15*v + 12*v. Suppose 5 - 17 = 3*f, 3*y = f + 73. Let z = -14 + y. Determine n(z).
-24
Suppose 0*v - 249 = 37*v - 27. Let r(x) = -2*x**3 - 10*x**2 + 14*x + 11. Determine r(v).
-1
Let w(n) = -5*n**3 - 18*n**2 - 87*n + 14. Let v(y) = -11*y**3 - 37*y**2 - 174*y + 31. Let q(g) = 6*v(g) - 13*w(g). Give q(-5).
-6
Let o(g) be the first derivative of -2*g**3/3 - g**2 + 2*g - 1. Suppose 0 = 13*l + 49 + 3. What is o(l)?
-22
Let c(i) = i + 2. Let a be c(0). Let f(h) = -h**2 + 2*h - 2. Let w be f(a). Let k(p) = 12*p + 0*p + 281 + 10*p - 278 - 9*p. Calculate k(w).
-23
Let a(z) = 4*z - 15. Let y(v) = 5*v. Let h(f) = 2*f + 1. Let p(k) = -13*h(k) + 6*y(k). Let r(n) = -3*a(n) + 4*p(n). Determine r(7).
21
Let k(l) = 12*l**2 + l. Suppose 2*u - 16 = -32. Let x be (-3 - (3 - 7) - u) + -1. Suppose s + 2*s + 19 = 4*t, -3*t = 4*s - x. What is k(s)?
11
Let z(f) = -11*f**2 - 4*f + 1. Let d(r) = 10*r + 22*r**2 - 5*r + 7 + 2*r - 9. Let j(c) = 3*d(c) + 5*z(c). Determine j(1).
11
Let o(s) = s**3 - 4*s**2 - 12*s - 2. Suppose -4*g - 4*r + 36 = 0, 25 = 2*g + 5*r - 2. Calculate o(g).
-2
Let v(z) = -5*z**2 - 30*z - 54. Let q(u) = 2*u**2 - u + 1. Let f(y) = -2*q(y) - v(y). Calculate f(-30).
-8
Let g(f) be the third derivative of -f**6/120 + 17*f**5/30 - 4*f**4/3 - f**3/3 + 8*f**2 + 138*f. Calculate g(33).
31
Suppose -8 = 3*i - 11. Suppose -